0. Let f = b - 26. Suppose 0 = -a + 2, f = 6*x - 3*x + 4*a. Calculate the remainder when x is divided by 17.
15
Let d = -2 + 2. Suppose d = a - 33. Suppose -101 + a = -4*g. Calculate the remainder when 50 is divided by g.
16
Suppose 5*m - 2*j = 7, 0*j - 4*j - 4 = 0. Let z = 25 - -5. Let c = z - m. Calculate the remainder when c is divided by 15.
14
Let c(s) = s**3 + 7*s**2 + 4. Let r(f) = f**3 - 6*f**2 - f - 1. Let g be r(6). Calculate the remainder when 7 is divided by c(g).
3
Let x(o) = -11*o - 21. Calculate the remainder when x(-5) is divided by 12.
10
Let h = 36 + -15. Calculate the remainder when 100 is divided by h.
16
Let v(l) = 17*l**2 + l + 1. What is the remainder when v(-1) is divided by 4?
1
Let r = 103 - 62. What is the remainder when r is divided by 16?
9
Let u be 164 - 0/(-2 + 5). Suppose 0*o = 4*o - u. Let m(j) = j**2 - j - 6. What is the remainder when o is divided by m(5)?
13
What is the remainder when 11 - 6 - (0 - 65) is divided by 6?
4
Suppose 4*h + 94 = 3*j, 2*j - 90 = -j + 3*h. Let l = 46 - j. Calculate the remainder when 57 is divided by l.
17
Let o(q) = -10*q. Suppose 2*h - 4*h = 2*g - 8, 0 = -3*g - 2*h + 7. Suppose c + 6 = 34. Calculate the remainder when c is divided by o(g).
8
Suppose 2*z = 2*v - 0 - 26, -4*v = 4*z - 60. Suppose -5*c + v = -41. Calculate the remainder when c is divided by 4.
3
Let g(l) = -2*l + 2*l - 2*l - 13 - 4. Calculate the remainder when 4 is divided by g(-10).
1
Let g = -65 - -140. What is the remainder when g is divided by 11?
9
Let f = -2 - -6. Suppose p = -f*p + 20. What is the remainder when 14 is divided by p?
2
Let g = 28 + -53. Let s = g - -41. What is the remainder when s is divided by 9?
7
Let m(b) = b**3 + 7*b**2 - 2*b - 8. Calculate the remainder when 35 is divided by m(-7).
5
Calculate the remainder when (4/(-8))/((-2)/320) is divided by 27.
26
Suppose 0 = 2*r + 10, -5*z + 16 = 4*r - 9. What is the remainder when 51 is divided by z?
6
Let l(v) = -22*v. What is the remainder when 87 is divided by l(-1)?
21
Let p be 9*2*2/12. Suppose 0 = t + p*t + 2*w - 22, 0 = -5*w + 15. Suppose -2*l + 76 = t*k, 0 = -0*l - l. What is the remainder when k is divided by 10?
9
Let s be (0 - -146) + -2 - -1. Suppose 0 = -6*v + 18. Suppose -5*q + 35 = -5*j + s, -v*j = -4*q - 61. Calculate the remainder when j is divided by 10.
7
Let o = -130 - -182. What is the remainder when o is divided by 6?
4
Let j = 39 + -2. What is the remainder when j is divided by 10?
7
Suppose 3*i + 0*i = 0. Suppose -2*v = 3*q - 4*v - 32, 4*q - 3*v - 44 = i. Let z(w) = 5*w - 9. What is the remainder when z(q) is divided by 16?
15
Let m be (-4 - -3)/(1/(-54)). Suppose 36 + m = 3*y. Calculate the remainder when y is divided by 16.
14
Let l(o) = o**2 + 2. Let a = 663 - 653. Calculate the remainder when a is divided by l(-2).
4
Let f = 9 + 11. Let b(o) = o**2 - o - 1. Let a = 3 + -6. Calculate the remainder when f is divided by b(a).
9
Let q(t) = -13*t + 8. What is the remainder when 134 is divided by q(-2)?
32
Calculate the remainder when 104 is divided by (1 + 41)/2*(-5 + 6).
20
Let n(t) = t + 9. Let y be n(-5). Suppose 0 = -y*m + m + 6. Suppose g - 14 + 12 = 0. Calculate the remainder when m is divided by g.
0
Suppose 4*u - 101 = 55. What is the remainder when u is divided by (-6)/(-4)*56/6?
11
Suppose 2*b - 1 = 27. What is the remainder when ((-169)/(-26))/((-4)/(-32)) is divided by b?
10
Calculate the remainder when 44 is divided by (-36)/(-16)*(-1 - -5).
8
Suppose 62 = 4*b + 6. Calculate the remainder when 41 is divided by b.
13
Suppose 0 = 4*i + i - 105. What is the remainder when 11 is divided by 12/14*98/i?
3
Suppose -8*h = -222 - 34. Calculate the remainder when 58 is divided by h.
26
Let b = 21 + -17. Suppose -y + b*y - 51 = 0. What is the remainder when y is divided by 9?
8
Let j be 42/8*(-24)/(-9). Suppose j = r + 2. Suppose -3*k - 102 = -6*k. What is the remainder when k is divided by r?
10
Suppose 4*i - 4*f - 29 = -f, -i + 3*f - 4 = 0. Suppose 3*l = 9*l - 192. What is the remainder when l is divided by i?
10
Suppose -6*f + f = -30. Suppose -4*z + f + 14 = 0. Let x(g) = g**3 + 5*g**2 + 2*g + 4. What is the remainder when x(-4) is divided by z?
2
Let j be 8/(-1 + 2 - 2). Suppose -s = -5*s + 12. What is the remainder when -1 + (-4)/(j/18) is divided by s?
2
Suppose -48 = -l - 18. Calculate the remainder when l is divided by 11.
8
Let m = -4 + 131. Calculate the remainder when m is divided by 26.
23
Let k = 16 - -3. Suppose i + 25 = 32. Calculate the remainder when k is divided by i.
5
Let d(r) = -r**3 - r**2 + r. Let m be d(0). Calculate the remainder when 35 is divided by 12 + (-4)/(-4 + m).
9
Suppose -n = 2*n + 2*q - 16, -n + q = 3. Suppose -4*v + f + 32 = 0, -n*v + 23 = 5*f - 15. Calculate the remainder when -6*(-2)/3*4 is divided by v.
7
Suppose -3*i + 56 + 16 = 0. What is the remainder when 141 is divided by i?
21
Suppose 4 = h - 3. Suppose 0 + 6 = 2*q. Suppose -4 = -5*y - 4*l + 52, -l = q*y - 35. Calculate the remainder when y is divided by h.
5
Let t(s) = 4*s + 6. Let h = -10 - -19. What is the remainder when t(h) is divided by 11?
9
Suppose 2*r = -0 + 2. Suppose -5*x - 1 + 6 = 5*c, r = 2*c + 3*x. Let a = c + 12. What is the remainder when a is divided by 8?
6
What is the remainder when (-1350)/(-40) + (-2)/(-8) is divided by 7?
6
Suppose -7*s = -104 - 50. Calculate the remainder when 40 is divided by s.
18
Let a = 61 + -20. Let b(n) = 14*n - 11. Let h be b(5). Suppose -m = -2*x - 5, 4*m - h = -2*x - 3*x. Calculate the remainder when a is divided by m.
8
Suppose 3 - 12 = -3*i, 2*i - 186 = -2*m. Suppose -g + m = g. What is the remainder when g is divided by 12?
9
Let y = -3 + 3. Let s(x) = -x + 3. Let o be s(y). What is the remainder when 50 is divided by 32/2 + (o - 2)?
16
What is the remainder when 56 is divided by (-390)/(-21) + (-6)/(-14)?
18
Let q be 0 + (-3 - -3) + 4. Suppose -2*l + q*x + 16 = -24, 5*x = -10. Calculate the remainder when 44 is divided by l.
12
Let m(x) = -x**3 - 3*x**2 + 3*x - 3. Let g = 22 - 47. What is the remainder when 2/10 + (-70)/g is divided by m(-4)?
0
Suppose j = c + 6 - 28, 101 = 3*c + 4*j. Calculate the remainder when c is divided by 8.
3
Let y(j) = -j**3 - 8*j**2 + j + 3. Calculate the remainder when y(-9) is divided by 19.
18
Let s be 0/(-2 - -1) + 3. Let r = s + -8. Let j(c) = c**3 + 6*c**2 + 3*c - 2. What is the remainder when 22 is divided by j(r)?
6
Let g(a) = -2*a**2 - 4*a. Let x be g(3). Let q be ((-2)/6)/(2/x). Suppose 103 = q*d - 12. What is the remainder when d is divided by 6?
5
Suppose 0 = -5*u + 7*u - 42. Calculate the remainder when u is divided by 8.
5
Let c be (-16)/20 - (-2)/(-10). Let i = 2 - c. Suppose -5*f + 16 = -9. What is the remainder when f is divided by i?
2
Suppose 0 = 3*w - 0*w + 3*c - 24, -4*w = -4*c - 72. What is the remainder when w is divided by 8?
5
Let v be -4*((-2 - -4) + -22). Suppose 7*y - 2*y = v. Let o(r) = 9*r**2 + 5*r + 4. Calculate the remainder when o(-2) is divided by y.
14
Let m(a) = a**2 + 2*a - 1. Suppose -5*n + n + 212 = 0. What is the remainder when n is divided by m(-5)?
11
Let a be (-580)/(-6) + 4/(-6). Let q be -2 - -2 - -2 - 56. Let d = a + q. What is the remainder when d is divided by 22?
20
What is the remainder when ((-2)/3)/((-4180)/696 - -6) is divided by 12?
8
Let w(k) = k**2 + 10*k - 17. Calculate the remainder when w(-15) is divided by 30.
28
Suppose -36 = -4*o - 8. Let j(a) = a**3 - 3*a**2 - 3. Calculate the remainder when j(4) is divided by o.
6
Let s = -28 + 42. What is the remainder when 272/5 + 2/(-5) is divided by s?
12
Let h = 8 - 52. Let a be 2/(h/(-21) + -2). Suppose 30 = 3*u - c, 2*u + 2*u + 5*c - a = 0. Calculate the remainder when 25 is divided by u.
7
Suppose 2*y - 64 = -0*y. Suppose 0*r - 4*r + 2*j + 134 = 0, 56 = r - 5*j. Suppose 37 = 4*d - r. What is the remainder when y is divided by d?
15
What is the remainder when (-9 - -3)/(12/14 + -1) is divided by 22?
20
Suppose 4*p + j - 14 = 0, -5*p - 2*j = -2*p - 8. Suppose -p*d + 32 = -2*d. Let v = d - 4. Calculate the remainder when 23 is divided by v.
11
Suppose 14 = -5*w + 99. Calculate the remainder when 30 is divided by w.
13
Suppose 4*p = 27 + 157. Suppose 0 = 5*n - 0*z + z - 65, 2*z - 58 = -4*n. Calculate the remainder when p is divided by n.
10
Let 